5. List the prime factors of (11/h)/(4/(-8)).
11
Suppose -14 = -t + s + 43, 4*s + 48 = t. Suppose 88 = 5*u - b, t = 4*u - u - 3*b. What are the prime factors of u?
17
Suppose 0 = -o - m - 3, -3 = -0*m - 3*m. What are the prime factors of 4/(-8) - 18/o?
2
Suppose -14 - 34 = -3*p. Suppose 4*y - p = -4*x, x - 21 = -4*y + 2*x. What are the prime factors of y?
5
Let x = 3 + 0. Suppose 0*f - 4*f = -4*c - 48, -60 = -3*f - x*c. List the prime factors of f.
2
Let d(f) be the third derivative of f**6/120 - f**5/30 - f**4/12 + f**3 - 6*f**2. List the prime factors of d(4).
2, 3, 5
Let a = 242 + 43. List the prime factors of a.
3, 5, 19
Let w be 70/15 + (-1)/(-3). Suppose -3*b + 4*i + 8 = -b, -2*b = -w*i - 5. List the prime factors of b.
2, 5
Let g(t) = 7*t**2 - 19*t + 3. List the prime factors of g(5).
83
Suppose 0 = 5*h - r + 5, 0*r = 5*h - 5*r - 15. Let g = 14 - h. Suppose 8 = 3*f - g. What are the prime factors of f?
2
Let s(k) = -k**3 + k**2 - 1. Let t(l) = -3*l**3 + l**2 - 2*l - 3. Let b(g) = -2*s(g) + t(g). What are the prime factors of b(-2)?
7
Suppose -5*v = -267 + 52. Suppose 3 = -2*y + v. What are the prime factors of y?
2, 5
Let d be (-2 - (-4)/6)*-6. Suppose d = l - 0*l. What are the prime factors of l?
2
Suppose 0*m = 3*m - 1920. List the prime factors of (-2)/6 + m/30.
3, 7
Suppose 0 = -2*a - a + 12. Suppose 2*c + 2*c - 132 = 0. Suppose a*r - r - c = 0. What are the prime factors of r?
11
Let m(u) = -17*u - 1. Let k be m(-5). Suppose 4*a = 6*a - k. What are the prime factors of a?
2, 3, 7
Let b(s) be the third derivative of 1/3*s**3 + 0*s + 1/12*s**4 + s**2 + 0 + 1/15*s**5. What are the prime factors of b(-2)?
2, 7
Suppose x - 18 - 149 = 0. List the prime factors of x.
167
Suppose 0 = -6*f + 145 + 155. List the prime factors of f.
2, 5
Suppose -5*a + 19 = -2*g, -4*g - 18 = -4*a - g. Suppose 7 + 14 = a*o. List the prime factors of o.
7
Suppose -2*g = -3*n + 8, g + 4*g = 2*n + 2. List the prime factors of g.
2
Let y(d) = 22*d**2 - d. List the prime factors of y(-1).
23
Suppose 2*x + 0*x = -12. Suppose 6*z = 5*n + 2*z - 39, -2*n + 34 = 3*z. List the prime factors of n + 1 + 5 + x.
11
Suppose -p - 5*i + 22 = 0, 2*p - 3*p + 5*i = 18. Suppose p*t - t = 8. What are the prime factors of t?
2
Let c = 5 - 10. Let a be 54/(-8) - (-2)/(-8). Let f = c - a. What are the prime factors of f?
2
Suppose 9 = -4*y - 2*i + 25, -2*y + 16 = 5*i. Suppose k - 28 = -3*x, y*k + 0*k + 6 = 0. Suppose 2*h = -0*h + x. List the prime factors of h.
5
Let y(g) = -g**2 - 6*g + 1. Let x be y(-6). Suppose 2*n = 17 - x. List the prime factors of n.
2
Suppose 5*g = -2*l + 12 + 2, 0 = 2*g - 4*l + 4. List the prime factors of -3 + (56/g - -2).
3
Let p be 4/6 - (-8)/6. Let a be (p/(-3))/((-2)/15). Suppose -3*i - 2*i - a*w + 20 = 0, w = -5*i + 16. What are the prime factors of i?
3
Let w = 13 - -1. What are the prime factors of w?
2, 7
Let d = 193 + -96. Let n = d - 64. Suppose -4*r + 7 = -n. What are the prime factors of r?
2, 5
Suppose -3*r + 18 = z - 8*r, r = -4*z + 9. Let j = 25 - 36. What are the prime factors of ((z + -2)*j)/(-1)?
11
Suppose -95 + 2 = 3*j. Let b = -6 - j. Suppose w - 4*d = 4*w - b, 3*d = 3*w - 18. What are the prime factors of w?
7
Let t = 9 + -5. Suppose -5*x - 5 = 2*p - 17, 0 = 5*x + t*p - 14. List the prime factors of x.
2
Let k be 1/(-3) - (-56)/6. Let z = -7 + k. Let r(h) = 2*h**3 - 2*h**2 + 4*h - 3. List the prime factors of r(z).
13
Suppose -2*m + 28 = -4*r, r = -2*m - r + 10. Suppose 0*o = o + 2*f - m, 5*o = -4*f + 46. List the prime factors of o/((-1*2)/(-1)).
5
List the prime factors of (16 + -14 - (1 - 0))*112.
2, 7
List the prime factors of ((-6)/10)/(24/(-2760)).
3, 23
Let z(c) = c**3 + 6*c**2 + 3*c + 5. Let g be z(-5). Let d = 29 - g. What are the prime factors of d?
2, 7
Suppose 0 = 6*b - 11*b. Suppose 0 = 4*u + 3*v - 135, -3*v + b*v + 165 = 5*u. List the prime factors of u.
2, 3, 5
Let g(l) = l**2 + 4*l - 5. Let h be g(-5). What are the prime factors of h/((-16)/(-4)) + 20?
2, 5
Let x(s) = -s**2 - 11*s - 12. Let k be (32/(-20))/(2/10). List the prime factors of x(k).
2, 3
Suppose 2*z = 4*h - 2*h + 16, 3*z = h + 16. Let k(w) = -3*w - 32. Let b be k(-12). Suppose z + 11 = -3*o, b*o = c - 37. What are the prime factors of c?
17
Suppose 2*b - 3*x = 145, 3*x + 260 = 3*b + 7*x. What are the prime factors of b?
2, 5
Suppose -3*m + 3*v = -4*m + 12, -3*v + 18 = 2*m. Suppose -j + m = -3*a, j - 2*j + 30 = 5*a. What are the prime factors of j?
3, 5
Let t = 11 + -3. Suppose 5*l - t = 52. What are the prime factors of l?
2, 3
Let n(v) = 156*v**2 - 2*v + 1. List the prime factors of n(-1).
3, 53
Let y = 153 - 99. What are the prime factors of y?
2, 3
Let i(m) = m**3 - 13*m**2 + 16. List the prime factors of i(13).
2
Suppose 0*o + 9 = 3*o. Suppose p - 56 = -o*p. List the prime factors of p.
2, 7
Suppose 5*z + 20 - 45 = 0. What are the prime factors of z?
5
Let q(p) = p**3 - 4*p**2 + 7*p - 18. What are the prime factors of q(8)?
2, 3, 7
Let f(d) = -4*d**2 - 6*d + 2. Let y(p) = 4*p**2 - 6*p + 2 - 6*p**2 - 3*p**2. Let i(c) = 4*f(c) - 3*y(c). What are the prime factors of i(-6)?
2
Suppose 0 = -5*f + 4*v - 7, 0 = 5*f + 3*v - 14. Let k be 17 + f + 2/(-2). Let w = 25 - k. List the prime factors of w.
2
Suppose 2*y - 8 = 0, -2*o + 20 = 2*o + 4*y. Let v be (o/3)/(2/78). Let r = v - 3. List the prime factors of r.
2, 5
Let n be 1 - 2/(-2) - -1. Suppose -4*u + 52 = 2*v, 8*v - n*v = 5*u + 115. List the prime factors of v.
2, 3
Let s(v) = 47*v**3 - 3*v**2 + 2*v. List the prime factors of s(1).
2, 23
Let n be ((-16)/10)/((-1)/(-5)). Let g = 18 + n. Suppose -2*o + 12 = -g. What are the prime factors of o?
11
Suppose g + 0*g + 2 = 3*w, -2*g + 3*w = -2. Suppose -g*c + 2 = -6. Suppose 0 = c*y - 7*y - 4*p + 28, 0 = -3*y + 3*p + 33. What are the prime factors of y?
2
Let o(u) = 3*u**3 + 4*u**2 + 3*u - 5. List the prime factors of o(3).
11
Let n be 2/1 - (-5)/(-1). Let p(i) = -i + 3. Let z be p(10). List the prime factors of (-2)/(2/z) + n.
2
Let l(w) = 7*w - 19. List the prime factors of l(18).
107
Suppose -5*u + 23 = -x, u + 4*x + 8 = -0*x. List the prime factors of (u + -3)/(2/6).
3
Suppose 10 = 4*z + 2*a - 18, 4*a = 2*z - 24. What are the prime factors of z?
2
Let s(h) be the third derivative of -h**5/120 - 5*h**4/24 - h**3/2 - h**2. Let k(j) be the first derivative of s(j). What are the prime factors of k(-7)?
2
Let w = 276 - 69. What are the prime factors of w?
3, 23
Suppose -4*u - 2*s + 73 = u, -4*s - 10 = -2*u. What are the prime factors of u?
13
Let t(x) = 12*x**2 + x - 11. What are the prime factors of t(2)?
3, 13
Let r(f) = -4*f - 4 - 4*f**3 + 2*f + 5*f**3 + 7*f**2 + 6*f. What are the prime factors of r(-6)?
2
Let u = -39 + 25. Let t be (-66)/(-14) + (-4)/u. Suppose -12 = 4*x, -t*z - x = x - 39. List the prime factors of z.
3
Let z be -1 + 7 + 1 + -2. Suppose -m = -z*x - 50, -3*x + 0*x = -2*m + 93. Suppose -3*y = -5*s + m, -4*s - 4*y = y + 1. List the prime factors of s.
2, 3
Let f be 1/(-2) - (-2)/4. What are the prime factors of 72/9 - (f - 3)?
11
Suppose -3*f = -4*l + 2*f + 104, -130 = -5*l + 3*f. List the prime factors of l.
2, 13
Let v be -11 + 2/1 - -1. Let h = 5 + v. Let g(b) = b**3 + 4*b**2 - b - 4. What are the prime factors of g(h)?
2
Let r(z) = -2*z + 4. List the prime factors of r(0).
2
Let r = 11 - 9. Suppose 5*p - 2*v - 127 = -6*v, -52 = -2*p - r*v. What are the prime factors of p?
23
List the prime factors of (-7)/(28/(-8)) - -42.
2, 11
Let u(k) = k**3 + 2*k**2 + 2. Let s be u(-2). Suppose 0 = -s*g + 7*g - 95. List the prime factors of g.
19
Let g be -2 + 4 - (1 - 1). Suppose 40 - g = 2*a. What are the prime factors of a?
19
List the prime factors of (1*(-9 - -8))/(1/(-447)).
3, 149
Let o(d) = -2*d - 6. Let l be o(-4). Let f(i) = -3 + 1 + 3*i - 6 + 3 + i**l. What are the prime factors of f(-5)?
5
Suppose 0*s - 4*s + 202 = 2*d, 0 = 3*d + s - 298. List the prime factors of d.
3, 11
Suppose 2*k + 1112 = 4*j, -j = -5*j - 3*k + 1092. What are the prime factors of j?
2, 3, 23
Suppose -4*v - v = -15. Let h(i) = -v*i + 4*i + 8 - 4. List the prime factors of h(0).
2
Let l(k) = -8*k - 1 - 4*k + k. Let m be 2/3*(-39)/26. What are the prime factors of l(m)?
2, 5
Suppose 4*n = 5*j - 530, 4*n + 90 = 4*j - 3*j. What are the prime factors of j?
2, 5, 11
Let v = 5 + 